{"id":2029,"date":"2023-05-09T21:13:00","date_gmt":"2023-05-10T00:13:00","guid":{"rendered":"https:\/\/akari.com.br\/produto\/oleo-de-primula-500mg-60-capsulas-soft-gel-apis-flora\/"},"modified":"2023-05-09T21:16:33","modified_gmt":"2023-05-10T00:16:33","slug":"oleo-de-primula-500mg-60-capsulas-soft-gel-apis-flora","status":"publish","type":"product","link":"https:\/\/akari.com.br\/?product=oleo-de-primula-500mg-60-capsulas-soft-gel-apis-flora","title":{"rendered":"\u00d3leo de Pr\u00edmula 500mg 60 C\u00e1psulas Softgel Apis Flora"},"content":{"rendered":"<p>Porque escolher o \u00f3leo de pr\u00edmula da marca Apis Flora?\u00a0<\/p>\n<p>Voc\u00ea quer qualidade?\u00a0<\/p>\n<p>D\u00e1 uma espiada!<\/p>\n<p>\u00a0<\/p>\n<p>&#8211; mais de 37 anos de experi\u00eancia<\/p>\n<p>&#8211; presente em mais de 40 pa\u00edses importadores<\/p>\n<p>&#8211; l\u00edder em apiter\u00e1picos no Brasil<\/p>\n<p>&#8211; 15 certifica\u00e7\u00f5es de qualidade, sendo uma delas a ISO 9001<\/p>\n<p>&#8211; laborat\u00f3rio de controle de \u00faltima gera\u00e7\u00e3o, para sele\u00e7\u00e3o de mat\u00e9ria prima livre de aditivos e contaminantes.<\/p>\n<p>\u00a0<\/p>\n<p>Somente Apis Flora tem esse enorme curr\u00edculo de total comprometimento e responsabilidade!!<\/p>\n<p>Com certeza, Apis Flora \u00e9 a sua melhor escolha!<\/p>\n<p>\u00a0<\/p>\n<p>Dados T\u00e9cnicos:<\/p>\n<p>\u00a0<\/p>\n<p>Extra\u00eddo das sementes da planta Oenothera biennis por processo especial de press\u00e3o \u00e0 frio, sem uso de solventes e refinamento, resultando em um produto de excelente qualidade!<\/p>\n<p>\u00a0<\/p>\n<p>Alguns estudos afirmam que a suplementa\u00e7\u00e3o com \u00f3leo de pr\u00edmula ajuda a manter uma boa imunidade, n\u00edveis adequados de colesterol entre outras atividades.<\/p>\n<p>\u00a0<\/p>\n<p>\u00c9 uma fonte rica em \u00f4mega 6. Um destes \u00e1cidos graxos \u00e9 o \u00e1cido gama linol\u00eanico que \u00e9 convertido em sua forma biologicamente ativa, subst\u00e2ncia que promove diversas a\u00e7\u00f5es ben\u00e9ficas ao organismo.<\/p>\n<p>\u00a0<\/p>\n<p>\u00c9 capaz de reduzir a perda de \u00e1gua atrav\u00e9s da pele, aumenta a toler\u00e2ncia \u00e0 exposi\u00e7\u00e3o dos raios ultravioleta, melhorando a integridade, elasticidade e flexibilidade das membranas celulares.<\/p>\n<p>\u00a0<\/p>\n<p>Informa\u00e7\u00e3o Nutricional: por\u00e7\u00e3o de 1,0g (2 c\u00e1psulas)<\/p>\n<p>&#8211; Valor energ\u00e9tico: 9 Kcal = 40kJ &#8211; 0%VD(*)\u00a0<\/p>\n<p>&#8211; Gorduras totais: 1,0g &#8211; 2% VD(*)<\/p>\n<p>\u00a0 \u00a0&#8211; Gorduras saturadas: 0,1g\u00a0 &#8211; 0%VD(*)<\/p>\n<p>\u00a0 \u00a0&#8211; Gorduras trans: 0,0g<\/p>\n<p>\u00a0 \u00a0&#8211; Gorduras monoinsaturadas: 0,1g<\/p>\n<p>\u00a0 \u00a0&#8211; Gorduras poliinsaturadas: 0,8g<\/p>\n<p>\u00a0 \u00a0 \u00a0 \u00a0 \u00a0&#8211; \u00c1cido linoleico: 0,7g<\/p>\n<p>\u00a0 \u00a0 \u00a0 \u00a0 \u00a0&#8211; \u00c1cido gama linol\u00eanico: 0,1g<\/p>\n<p>\u00a0<\/p>\n<p>N\u00e3o cont\u00e9m quantidades significativas de carboidratos, prote\u00ednas, fibra alimentar e s\u00f3dio.<\/p>\n<p>\u00a0<\/p>\n<p>*% Valores di\u00e1rios de refer\u00eancia com gase em uma dieta de 2000Kcal ou 8400kJ. Seus valores di\u00e1rios podem ser maiores ou menores dependendo de suas necessidades energ\u00e9ticas.<\/p>\n<p>\u00a0<\/p>\n<p>N\u00e3o cont\u00e9m gl\u00faten.<\/p>\n<p>\u00a0<\/p>\n<p>Cada c\u00e1psula cont\u00e9m 500mg de \u00f3leo de pr\u00edmula.<\/p>\n<p>\u00a0<\/p>\n<p>Composi\u00e7\u00e3o da c\u00e1psula soft gel: gelatina, \u00e1gua purificada e umectante glicerina.<\/p>\n<p>\u00a0<\/p>\n<p>Modo de usar: 1 c\u00e1psula 2 vezes ao dia<\/p>\n<p>\u00a0<\/p>\n<p>Cont\u00e9m: 60 c\u00e1psulas<\/p>\n<p>\u00a0<\/p>\n<p>(O Minist\u00e9rio da Sa\u00fade adverte N\u00e3o existem evid\u00eancias cient\u00edficas comprovadas de que este alimento previna, trate ou cure doen\u00e7as.)<\/p>\n<p>\u00a0<\/p>\n<p>Validade: 2 anos ap\u00f3s data de fabrica\u00e7\u00e3o<\/p>\n<p>\u00a0<\/p>\n<p>Produzido por Sorocaps Ind\u00fastria Farmac\u00eautica Ltda.<\/p>\n<p>\u00a0<\/p>\n<p>Distribu\u00eddo por Apis Flora &#8211; Ind\u00fastria brasileira &#8211; Empresa certificada ISO 9001.<\/p>\n<p>\u00a0<\/p>\n<p>A Apis Flora, fundada em 1982, \u00e9 pioneira e inovadora no segmento de pr\u00f3polis, mel e extratos de plantas medicinais, focada no desenvolvimento de produtos a partir de bioativos da biodiversidade brasileira e internacional. Seus mais de 100 produtos est\u00e3o presentes em todos estados brasileiros, al\u00e9m de diversos pa\u00edses!\u00a0<\/p>\n<p>\u00a0<\/p>\n<p>As instala\u00e7\u00f5es obedecem aos padr\u00f5es GMP (Good Manufacturing Practices), com a valida\u00e7\u00e3o e qualifica\u00e7\u00e3o de processos devidamente homologados junto \u00e0 ANVISA ou Minist\u00e9rio da Agricultura.<\/p>\n<p>\u00a0<\/p>\n","protected":false},"excerpt":{"rendered":"<p>Porque escolher o \u00f3leo de pr\u00edmula da marca Apis Flora?\u00a0 Voc\u00ea quer qualidade?\u00a0 D\u00e1 uma espiada! \u00a0 &#8211; mais de 37 anos de experi\u00eancia &#8211; presente em mais de 40 pa\u00edses importadores &#8211; l\u00edder em apiter\u00e1picos no Brasil &#8211; 15 certifica\u00e7\u00f5es de qualidade, sendo uma delas a ISO 9001 &#8211; laborat\u00f3rio de controle de \u00faltima [&hellip;]<\/p>\n","protected":false},"featured_media":2026,"comment_status":"open","ping_status":"closed","template":"","meta":{"_et_pb_use_builder":"","_et_pb_old_content":"","_et_gb_content_width":""},"product_brand":[],"product_cat":[68,83],"product_tag":[],"class_list":{"0":"post-2029","1":"product","2":"type-product","3":"status-publish","4":"has-post-thumbnail","6":"product_cat-bem-estar","7":"product_cat-suplementos-e-nutricao","9":"first","10":"instock","11":"taxable","12":"shipping-taxable","13":"purchasable","14":"product-type-simple"},"_links":{"self":[{"href":"https:\/\/akari.com.br\/index.php?rest_route=\/wp\/v2\/product\/2029","targetHints":{"allow":["GET"]}}],"collection":[{"href":"https:\/\/akari.com.br\/index.php?rest_route=\/wp\/v2\/product"}],"about":[{"href":"https:\/\/akari.com.br\/index.php?rest_route=\/wp\/v2\/types\/product"}],"replies":[{"embeddable":true,"href":"https:\/\/akari.com.br\/index.php?rest_route=%2Fwp%2Fv2%2Fcomments&post=2029"}],"wp:featuredmedia":[{"embeddable":true,"href":"https:\/\/akari.com.br\/index.php?rest_route=\/wp\/v2\/media\/2026"}],"wp:attachment":[{"href":"https:\/\/akari.com.br\/index.php?rest_route=%2Fwp%2Fv2%2Fmedia&parent=2029"}],"wp:term":[{"taxonomy":"product_brand","embeddable":true,"href":"https:\/\/akari.com.br\/index.php?rest_route=%2Fwp%2Fv2%2Fproduct_brand&post=2029"},{"taxonomy":"product_cat","embeddable":true,"href":"https:\/\/akari.com.br\/index.php?rest_route=%2Fwp%2Fv2%2Fproduct_cat&post=2029"},{"taxonomy":"product_tag","embeddable":true,"href":"https:\/\/akari.com.br\/index.php?rest_route=%2Fwp%2Fv2%2Fproduct_tag&post=2029"}],"curies":[{"name":"wp","href":"https:\/\/api.w.org\/{rel}","templated":true}]}}